{"id":404,"date":"2021-02-05T18:47:25","date_gmt":"2021-02-05T17:47:25","guid":{"rendered":"http:\/\/mysteresetbouledecristal.fr\/?page_id=404"},"modified":"2021-02-08T12:07:35","modified_gmt":"2021-02-08T11:07:35","slug":"cgv","status":"publish","type":"page","link":"https:\/\/mysteresetbouledecristal.fr\/?page_id=404","title":{"rendered":"Conditions G\u00e9n\u00e9rales de Vente ( CGV )"},"content":{"rendered":"\n<h2 class=\"wp-block-heading\">Clause n\u00b0 1 : Objet<\/h2>\n\n\n\n<p>Les conditions g\u00e9n\u00e9rales de vente d\u00e9crites ci-apr\u00e8s d\u00e9taillent les droits et obligations de la soci\u00e9t\u00e9 Sabine Hurtrel et de son client dans le cadre de la vente des marchandises vendues sur le site.<br>Toute prestation accomplie par la soci\u00e9t\u00e9 Sabine Hurtrel implique donc l&#8217;adh\u00e9sion sans r\u00e9serve de l&#8217;acheteur aux pr\u00e9sentes conditions g\u00e9n\u00e9rales de vente.<\/p>\n\n\n\n<h2 class=\"wp-block-heading\">Clause n\u00b0 2 : Prix<\/h2>\n\n\n\n<p>Les prix des marchandises vendues sont ceux en vigueur au jour de la prise de commande. Ils sont libell\u00e9s en euros et calcul\u00e9s hors taxes. Par voie de cons\u00e9quence, ils seront major\u00e9s du taux de TVA et des frais de transport applicables au jour de la commande.<br>La soci\u00e9t\u00e9 Sabine Hurtrel s&#8217;accorde le droit de modifier ses tarifs \u00e0 tout moment. Toutefois, elle s&#8217;engage \u00e0 facturer les marchandises command\u00e9es aux prix indiqu\u00e9s lors de l&#8217;enregistrement de la commande.<\/p>\n\n\n\n<h2 class=\"wp-block-heading\">Clause n\u00b0 3 : Rabais et ristournes<\/h2>\n\n\n\n<p>Les tarifs propos\u00e9s comprennent les rabais et ristournes que la soci\u00e9t\u00e9 Sabine Hurtrel serait amen\u00e9e \u00e0 octroyer compte tenu de ses r\u00e9sultats ou de la prise en charge par l&#8217;acheteur de certaines prestations.<\/p>\n\n\n\n<h2 class=\"wp-block-heading\">Clause n\u00b0 4 : Escompte<\/h2>\n\n\n\n<p>Aucun escompte ne sera consenti en cas de paiement anticip\u00e9.<\/p>\n\n\n\n<h2 class=\"wp-block-heading\">Clause n\u00b0 5 : Modalit\u00e9s de paiement<\/h2>\n\n\n\n<p>Le r\u00e8glement des commandes s&#8217;effectue au passage de la commande :<\/p>\n\n\n\n<ul class=\"wp-block-list\"><li>soit par Paypal ;<\/li><li>soit par carte bancaire ;<\/li><\/ul>\n\n\n\n<h2 class=\"wp-block-heading\">Clause n\u00b0 6 : Livraison<\/h2>\n\n\n\n<p>La livraison est effectu\u00e9e :<\/p>\n\n\n\n<ul class=\"wp-block-list\"><li>soit par la remise directe de la marchandise \u00e0 l&#8217;acheteur ;<\/li><li>soit par l&#8217;envoi d&#8217;un avis de mise \u00e0 disposition en point relais \u00e0 l&#8217;attention de l&#8217;acheteur ;<\/li><li>soit au lieu indiqu\u00e9 par l&#8217;acheteur sur le bon de commande.<\/li><\/ul>\n\n\n\n<p>Le d\u00e9lai de livraison indiqu\u00e9 lors de l&#8217;enregistrement de la commande n&#8217;est donn\u00e9 qu&#8217;\u00e0 titre indicatif et n&#8217;est aucunement garanti. Par voie de cons\u00e9quence, tout retard raisonnable dans la livraison des produits ne pourra pas donner lieu au profit de l&#8217;acheteur \u00e0 :<\/p>\n\n\n\n<ul class=\"wp-block-list\"><li>l&#8217;allocation de dommages et int\u00e9r\u00eats ;<\/li><li>l&#8217;annulation de la commande.<\/li><\/ul>\n\n\n\n<p>Le risque du transport est support\u00e9 en totalit\u00e9 par l&#8217;acheteur.<br>En cas de marchandises manquantes ou d\u00e9t\u00e9rior\u00e9es lors du transport, l&#8217;acheteur devra formuler toutes les r\u00e9serves n\u00e9cessaires sur le bon de commande \u00e0 r\u00e9ception desdites marchandises. Ces r\u00e9serves devront \u00eatre, en outre, confirm\u00e9es par \u00e9crit dans les cinq jours suivant la livraison, par courrier recommand\u00e9 AR.<\/p>\n\n\n\n<h2 class=\"wp-block-heading\">Clause n\u00b0 7 : Force majeure<\/h2>\n\n\n\n<p>La responsabilit\u00e9 de la soci\u00e9t\u00e9 Sabine Hurtrel ne pourra pas \u00eatre mise en \u0153uvre si la non-ex\u00e9cution ou le retard dans l&#8217;ex\u00e9cution de l&#8217;une de ses obligations d\u00e9crites dans les pr\u00e9sentes conditions g\u00e9n\u00e9rales de vente d\u00e9coule d&#8217;un cas de force majeure. \u00c0 ce titre, la force majeure s&#8217;entend de tout \u00e9v\u00e9nement ext\u00e9rieur, impr\u00e9visible et irr\u00e9sistible au sens de l&#8217;article 1148 du Code civil.<\/p>\n\n\n\n<h2 class=\"wp-block-heading\">Clause n\u00b0 8 : Tribunal comp\u00e9tent<\/h2>\n\n\n\n<p>Tout litige relatif \u00e0 l&#8217;interpr\u00e9tation et \u00e0 l&#8217;ex\u00e9cution des pr\u00e9sentes conditions g\u00e9n\u00e9rales de vente est soumis au droit fran\u00e7ais. \u00c0 d\u00e9faut de r\u00e9solution amiable, le litige sera port\u00e9 devant le Tribunal de commerce de Douai.\u00a0<\/p>\n\n\n\n<p><\/p>\n\n\n\n<p>Fait \u00e0 Niergnies, le 01\/02\/2021<br>Sabine Hurtrel.<br><\/p>\n","protected":false},"excerpt":{"rendered":"<p>Clause n\u00b0 1 : Objet Les conditions g\u00e9n\u00e9rales de vente d\u00e9crites ci-apr\u00e8s d\u00e9taillent les droits et obligations de la soci\u00e9t\u00e9&hellip;<\/p>\n","protected":false},"author":1,"featured_media":0,"parent":0,"menu_order":0,"comment_status":"closed","ping_status":"closed","template":"","meta":{"footnotes":""},"class_list":["post-404","page","type-page","status-publish","hentry"],"jetpack_sharing_enabled":true,"_links":{"self":[{"href":"https:\/\/mysteresetbouledecristal.fr\/index.php?rest_route=\/wp\/v2\/pages\/404","targetHints":{"allow":["GET"]}}],"collection":[{"href":"https:\/\/mysteresetbouledecristal.fr\/index.php?rest_route=\/wp\/v2\/pages"}],"about":[{"href":"https:\/\/mysteresetbouledecristal.fr\/index.php?rest_route=\/wp\/v2\/types\/page"}],"author":[{"embeddable":true,"href":"https:\/\/mysteresetbouledecristal.fr\/index.php?rest_route=\/wp\/v2\/users\/1"}],"replies":[{"embeddable":true,"href":"https:\/\/mysteresetbouledecristal.fr\/index.php?rest_route=%2Fwp%2Fv2%2Fcomments&post=404"}],"version-history":[{"count":3,"href":"https:\/\/mysteresetbouledecristal.fr\/index.php?rest_route=\/wp\/v2\/pages\/404\/revisions"}],"predecessor-version":[{"id":530,"href":"https:\/\/mysteresetbouledecristal.fr\/index.php?rest_route=\/wp\/v2\/pages\/404\/revisions\/530"}],"wp:attachment":[{"href":"https:\/\/mysteresetbouledecristal.fr\/index.php?rest_route=%2Fwp%2Fv2%2Fmedia&parent=404"}],"curies":[{"name":"wp","href":"https:\/\/api.w.org\/{rel}","templated":true}]}}