{"id":1010,"date":"2021-11-15T11:06:42","date_gmt":"2021-11-15T10:06:42","guid":{"rendered":"https:\/\/mysteresetbouledecristal.fr\/?post_type=product&#038;p=1010"},"modified":"2025-04-13T17:32:36","modified_gmt":"2025-04-13T15:32:36","slug":"tirage-de-la-semaine","status":"publish","type":"product","link":"https:\/\/mysteresetbouledecristal.fr\/?product=tirage-de-la-semaine","title":{"rendered":"Tirage de la semaine"},"content":{"rendered":"<p>Choisissez cette option si vous d\u00e9sirez un tirage personnalis\u00e9 pour la semaine \u00e0 venir. Simple et efficace, ce tirage vous donne les informations essentielles concernant les jours \u00e0 venir.<\/p>\n","protected":false},"excerpt":{"rendered":"<p>Choisissez cette option si vous d\u00e9sirez un tirage personnalis\u00e9 pour la semaine \u00e0 venir. Simple et efficace, ce tirage vous donne les informations essentielles concernant les jours \u00e0 venir.<\/p>\n","protected":false},"featured_media":613,"comment_status":"open","ping_status":"closed","template":"","meta":[],"class_list":{"0":"post-1010","1":"product","2":"type-product","3":"status-publish","4":"has-post-thumbnail","6":"product_cat-consultation-voyance","7":"product_tag-consultation","8":"product_tag-voyance","10":"first","11":"instock","12":"virtual","13":"taxable","14":"purchasable","15":"product-type-simple"},"jetpack_sharing_enabled":true,"_links":{"self":[{"href":"https:\/\/mysteresetbouledecristal.fr\/index.php?rest_route=\/wp\/v2\/product\/1010","targetHints":{"allow":["GET"]}}],"collection":[{"href":"https:\/\/mysteresetbouledecristal.fr\/index.php?rest_route=\/wp\/v2\/product"}],"about":[{"href":"https:\/\/mysteresetbouledecristal.fr\/index.php?rest_route=\/wp\/v2\/types\/product"}],"replies":[{"embeddable":true,"href":"https:\/\/mysteresetbouledecristal.fr\/index.php?rest_route=%2Fwp%2Fv2%2Fcomments&post=1010"}],"wp:featuredmedia":[{"embeddable":true,"href":"https:\/\/mysteresetbouledecristal.fr\/index.php?rest_route=\/wp\/v2\/media\/613"}],"wp:attachment":[{"href":"https:\/\/mysteresetbouledecristal.fr\/index.php?rest_route=%2Fwp%2Fv2%2Fmedia&parent=1010"}],"curies":[{"name":"wp","href":"https:\/\/api.w.org\/{rel}","templated":true}]}}