{"id":938,"date":"2021-06-07T23:42:13","date_gmt":"2021-06-07T21:42:13","guid":{"rendered":"https:\/\/mysteresetbouledecristal.fr\/?post_type=product&#038;p=938"},"modified":"2024-07-09T05:35:53","modified_gmt":"2024-07-09T03:35:53","slug":"consultation-un-theme","status":"publish","type":"product","link":"https:\/\/mysteresetbouledecristal.fr\/?product=consultation-un-theme","title":{"rendered":"Consultation &#8221; Un th\u00e8me &#8220;"},"content":{"rendered":"<p style=\"text-align: center;\"><span style=\"color: #ff6600;\"><strong><em>En choisissant la formule un th\u00e8me vous d\u00e9cidez d&#8217;aborder un sujet en particulier autour duquel la consultation de voyance va s&#8217;orienter. Sentimental, Financier ou Professionnel \u00e0 vous de choisir le th\u00e8me de votre s\u00e9ance.<\/em><\/strong><\/span><\/p>\n","protected":false},"excerpt":{"rendered":"<p style=\"text-align: center;\"><span style=\"color: #ff6600;\"><em><strong>La consultation &#8221; Un th\u00e8me &#8221; permet de se concentrer autour d&#8217;un sujet en particulier et d&#8217;orienter la s\u00e9ance de voyance autour de ce dernier. Id\u00e9al pour avoir les r\u00e9ponses aux seules questions qui vous int\u00e9ressent.\u00a0<\/strong><\/em><\/span><\/p>\n","protected":false},"featured_media":624,"comment_status":"open","ping_status":"closed","template":"","meta":[],"class_list":{"0":"post-938","1":"product","2":"type-product","3":"status-publish","4":"has-post-thumbnail","6":"product_cat-consultation-voyance","7":"product_tag-consultation","8":"product_tag-voyance","10":"first","11":"instock","12":"virtual","13":"taxable","14":"purchasable","15":"product-type-simple"},"jetpack_sharing_enabled":true,"_links":{"self":[{"href":"https:\/\/mysteresetbouledecristal.fr\/index.php?rest_route=\/wp\/v2\/product\/938","targetHints":{"allow":["GET"]}}],"collection":[{"href":"https:\/\/mysteresetbouledecristal.fr\/index.php?rest_route=\/wp\/v2\/product"}],"about":[{"href":"https:\/\/mysteresetbouledecristal.fr\/index.php?rest_route=\/wp\/v2\/types\/product"}],"replies":[{"embeddable":true,"href":"https:\/\/mysteresetbouledecristal.fr\/index.php?rest_route=%2Fwp%2Fv2%2Fcomments&post=938"}],"wp:featuredmedia":[{"embeddable":true,"href":"https:\/\/mysteresetbouledecristal.fr\/index.php?rest_route=\/wp\/v2\/media\/624"}],"wp:attachment":[{"href":"https:\/\/mysteresetbouledecristal.fr\/index.php?rest_route=%2Fwp%2Fv2%2Fmedia&parent=938"}],"curies":[{"name":"wp","href":"https:\/\/api.w.org\/{rel}","templated":true}]}}